 - 70/(-2). Let z = -15 + 19. Suppose -5*c + z*c + g = 0. What is the units digit of c?
6
Let f(k) = 17*k - 58. Let y be f(6). Suppose 0 = -3*g + 2*g + y. What is the units digit of g?
4
Let j be ((-252)/(-8))/(-9)*-2. Suppose -66 = -9*p + j*p. What is the tens digit of p?
3
Suppose 0 = 5*b - q + 43, 2*b - 5*q = -2*b - 47. Let u(s) = -3*s + 17. What is the tens digit of u(b)?
4
Let i(c) = c + 11. Let f be i(-7). Suppose 0 = -2*j + f*j - 96. What is the tens digit of j?
4
Let t(o) = 6*o + 9. Let x(q) = 2*q - 4. Let f(z) = t(z) - x(z). Suppose 2*n - 3*j = -0*n + 34, -2*j + 25 = 3*n. What is the units digit of f(n)?
7
Suppose -11*c + 30315 = -2135. What is the units digit of c?
0
Let b be 159/2 + 3/2. Suppose b = f + 5*s, -4*f + 269 = -f + 2*s. What is the units digit of f?
1
Suppose -5281 = -6*c - 49. What is the hundreds digit of c?
8
Let p(r) = -r + 13. Let m be p(11). Let g be 1/(-2) + (-39)/m. Let z = 19 - g. What is the tens digit of z?
3
Let s be (-3 - (2 - 4))*12. Let r be s*-6*1/4. Suppose r - 60 = -3*l. What is the tens digit of l?
1
Suppose 11*s = 9*s + 4. Suppose -2*j + 116 = 2*v, -s*v - 3*j - 162 = -5*v. What is the tens digit of v?
5
Let j = -473 + 1076. What is the units digit of j?
3
Let u(k) = k**2 + 3. Let f be u(0). Suppose -f*z + 500 = 7*z. What is the tens digit of z?
5
Let t(z) = 7*z**2 + 6*z - 3. Let a be t(-2). Let g(x) = x**3 - 13*x**2 + x - 8. What is the units digit of g(a)?
5
Let k = 624 + -527. What is the tens digit of k?
9
Suppose -2*d - 793 = -5*m, 0 - 3 = m. Let o be 2/(-5) + d/(-10). Let h = o - 22. What is the units digit of h?
8
Let f be 8/24 - 16/(-6). Suppose 5*c = 2*o - 470, -f*o + 481 + 198 = -c. Let y = o + -152. What is the tens digit of y?
7
Let r = 102 + -60. Let z = r + -26. What is the tens digit of z?
1
Let r(t) = -t**2 + 3*t + 7. Let i = -16 - -20. Let h be r(i). What is the tens digit of (-1 - h)/(1/(-7))?
2
Suppose -4*g + 570 + 390 = 0. Suppose 352 = 8*m - g. What is the tens digit of m?
7
Let l be (32/(-10))/((-18)/45). Suppose 333 = l*n - 179. What is the tens digit of n?
6
Let d(r) = r**3 - 4*r**2 - 2*r**2 + 29*r - 21*r - 9. Let c be d(5). Suppose 2 = -c*s + 338. What is the tens digit of s?
5
Let a be 1/(28/(-8) - -4). Suppose a*m = -2*m + 984. Suppose -o - m = -7*o. What is the units digit of o?
1
Let f = 97 - -20. What is the hundreds digit of f?
1
Let q be -2*(-1)/((-6)/(-27)). Suppose 2*a = -a + q. Suppose 2*l = -2*h + 2 + 12, -h - 25 = -a*l. What is the units digit of l?
8
Let f be ((-5)/(-5))/(1 + -2). Let o be 35 - -2 - (f + 4). Suppose -18 = -3*n + 4*c + o, -5*n - 5*c = -145. What is the units digit of n?
4
Let v = -247 + 869. What is the units digit of v?
2
Suppose j = -0*k - k + 28, -15 = -3*k. Let z(m) = -m**2 - 29*m - 164. Let y be z(-21). Suppose -y*w + j = -3*w. What is the tens digit of w?
2
Let p be (-2)/((-8)/30 - (-2)/(-5)). What is the tens digit of (6/p)/((-312)/158 - -2)?
7
Suppose 1335 = -2*k + 5529. Suppose -12*z - k = -21*z. What is the hundreds digit of z?
2
Suppose -i = -2*i. Let g be (1 - -4) + -2 + i. Suppose -g*h = -0*h - 96. What is the tens digit of h?
3
Suppose -2*h + 861 = 141. What is the units digit of h?
0
Let z = 468 - 202. What is the units digit of z?
6
Let x(a) = -3 - a**2 - 8*a - 6 - a. Let v be x(-7). Suppose -2*q = 4*n + 3*q - 197, v*n - 4*q - 195 = 0. What is the units digit of n?
3
Let n(c) = -c**3 + 4*c**2 + 5*c. Let u be n(5). Suppose 4*k - 25 = -5. Suppose u = k*x - 79 + 19. What is the units digit of x?
2
Let k = -10 - -115. What is the tens digit of (4 - (1 - -2))*k?
0
Let t(j) = 5*j**2 + 2*j - 30. What is the thousands digit of t(17)?
1
Let x = 35 + -29. Suppose y + 2*y - x = 0. Suppose 3*l = y*l + 21. What is the tens digit of l?
2
Suppose 17 - 52 = -b. Suppose -s - p + b = 13, 0 = -2*p. What is the units digit of s?
2
Suppose 10*s - 46*s + 24624 = 0. What is the units digit of s?
4
Let t = -3 + 6. Let z(m) = m - 12 + t*m - 3*m - 5*m. What is the tens digit of z(-12)?
3
Suppose -3*k + 2142 = 576. What is the units digit of k?
2
Suppose 3*y - 8*y + 9 = 3*f, 3*f - 6 = -4*y. Suppose y*j - j = 126. What is the tens digit of j?
6
Let b = 10 + -5. Suppose 19 = -4*h - b. What is the units digit of 5 - h*(-2)/(-4)?
8
Suppose -2*k - 45 = -5*k. Suppose -j - 9 = -3*r, -4*r + k = 4*j + r. Suppose 4*y - 128 + 40 = j. What is the units digit of y?
2
Let f = -1129 + 1626. What is the hundreds digit of f?
4
Let r(y) = 540*y**2 + 21*y + 42. What is the tens digit of r(-2)?
6
Suppose 4*t + 12 = 8*t. Let u = 11 - t. Suppose 3*g + 40 = u*g. What is the units digit of g?
8
Let i = -226 - -2160. What is the tens digit of i?
3
Suppose 33*z = 30*z + 4650. What is the units digit of z?
0
Let m be (-1 + -1)/(6/(-9)). Suppose -15 = -5*r, 0*h - 27 = -h - m*r. What is the units digit of h?
8
What is the hundreds digit of 1945/4 - (-219)/292?
4
Let h = 21 + -19. Suppose -h*t = -4 - 0. Suppose 4 = -2*k + 2*y + t, k = -2*y + 14. What is the units digit of k?
4
What is the units digit of (-21)/70*-2*2455?
3
Let r = 257 + -141. Suppose -w - 3*n - 44 = -2*w, -3*w = -5*n - r. What is the tens digit of w?
3
Suppose 2166 = 16*z - 13*z + 3*u, -5*z + 3617 = -2*u. What is the hundreds digit of z?
7
Let n(f) = -f**3 - f**2 - 2*f - 3. Let t be n(-2). Let r(c) = 9*c - 17. Let i(v) = -5*v + 8. Let p(d) = t*i(d) + 2*r(d). What is the tens digit of p(-6)?
4
Suppose -6 = h + 2*h - 5*b, 2*h + 3*b - 15 = 0. Suppose -4*x = -8*g + h*g - 3, 3*x + 4*g = 41. Suppose -2*z + x + 27 = 0. What is the tens digit of z?
1
Let a = -593 + 883. What is the hundreds digit of a?
2
Let n(z) be the third derivative of z**5/60 + 5*z**4/24 - 11*z**3/6 - 11*z**2. What is the units digit of n(-12)?
3
Let t(z) = -8*z + 95. Let a(f) = 16*f - 190. Let k(q) = 6*a(q) + 13*t(q). What is the units digit of k(0)?
5
Let p(s) = -3*s**3 - 9*s**2 - 2*s - 12. Let j be p(-6). Let l = 526 - j. What is the units digit of l?
2
Suppose 4*r = -3*p - 6 + 41, -3*p = 3*r - 30. Suppose -5*a + 70 - r = 0. Let i = a - 2. What is the units digit of i?
1
Let p(h) = -h + 15. Let t be p(11). Suppose g - t = 5. Suppose q = -0 + g. What is the units digit of q?
9
Let x(s) = 9*s**3 - 2*s + 1. Let d be x(1). Let o(z) be the first derivative of 2*z**2 + 12*z - 21. What is the tens digit of o(d)?
4
Let d = -2675 - -5812. What is the hundreds digit of d?
1
Let w be 32/(-2)*(-280)/32. Let q = w + 33. Let z = q - 124. What is the tens digit of z?
4
Let a be (-1)/(1/(-3) - 0/4). Suppose 4*s + 2*t = 662, 2*s + a*t = 8*t + 349. What is the tens digit of s?
6
Suppose -5*f - r + 5*r + 47 = 0, 2*f = 3*r + 23. Let w = 11 - f. Suppose 10 = -2*g, 0*g = -w*x - 2*g + 242. What is the tens digit of x?
6
Let g = 15 - 7. Let k(p) = 2*p - 2 - 15 - g*p. What is the units digit of k(-8)?
1
Let o = -38 + 32. What is the tens digit of -4 - (3/(o/326) - -4)?
5
Suppose -37*z - 30056 = -54*z. What is the hundreds digit of z?
7
What is the tens digit of (-5 - -83)/(6/52)?
7
What is the units digit of -1 + 1126 + ((-80)/(-1))/(-20)?
1
Let m(p) = 13*p**2 - 150*p - 3. What is the units digit of m(19)?
0
What is the hundreds digit of -3 - 4306*-2*3/12?
1
Let f(b) = -140*b - 42. What is the hundreds digit of f(-3)?
3
Let r(f) be the second derivative of 7*f**4/4 - f**3/2 - f**2/2 + 10*f. Let h be r(-3). Let c = -134 + h. What is the tens digit of c?
6
Suppose -g = -3*z - 19 - 30, -z + 197 = 3*g. Let f = 55 + g. What is the tens digit of f?
1
Let m = -9 + 7. Let h be (-9 - -6)*m/(-6). Let r(v) = -23*v - 2. What is the units digit of r(h)?
1
Suppose 2 = 2*i - 16. Suppose g = 68 - i. What is the tens digit of g?
5
Let x = 156 + -11. Suppose -4*q = -o + 124 - 620, -5*o = q - x. What is the tens digit of q?
2
Let v(x) = -3*x - 63. Let h be v(-25). Let y(j) = -j**3 + 13*j**2 - 5*j + 25. What is the tens digit of y(h)?
0
Suppose 2*k + 8 = -10. Let x = 11 + k. Suppose -y - 2*g = -63, 0 = 3*y + 3*g + x*g - 186. What is the units digit of y?
7
Let v(n) = -3*n**2. Let x be v(3). Let z = x + 153. What is the units digit of z?
6
Suppose -15 + 4 = -h - 4*s, -8 = 2*s. Let g = 87 - h. What is the tens digit of g?
6
Let k(s) = 2*s**2 - s - 127. Let j be k(0). What is the tens digit of (j - (6 + -13))*(-2)/1?
4
Let d(l) = l**3 + 18*l**2 + 30*l + 25. Let c be d(-12). Let t = c + -304. What is